Let y(z) = 20*z**3 + 4*z**2 + 18*z + 10. Determine y(3).
640
Let h(q) = -37*q**3 - 1817*q**2 - 191*q + 209. Determine h(-49).
-36
Let d(b) = -5*b**2 + 36*b - 68. Give d(9).
-149
Let x(r) = -3*r**2 - 133*r + 7452. Calculate x(33).
-204
Let c(v) = 3*v**3 - 211*v**2 - 1636*v - 72. Determine c(-7).
12
Let r(n) = -n**3 + 11*n**2 + 6791*n - 74657. Calculate r(11).
44
Let i(o) = o**3 + 29*o**2 + 234*o - 89. Calculate i(-15).
-449
Let b(g) = 2*g**3 + 239*g**2 - 373*g - 1188. Give b(-121).
22
Let h(n) = 273*n + 1387. Determine h(-9).
-1070
Let q(n) = -4*n**3 - 513*n**2 + 372*n - 911. What is q(-129)?
1024
Let z(n) = 9*n**3 + 396*n**2 - 10*n - 129. Calculate z(-44).
311
Let a(m) = -199300*m**2 + 3587398*m + 42. Calculate a(18).
6
Let a(n) = 3185*n + 6361. Determine a(-2).
-9
Let c(o) = -10*o**3 - 494*o**2 - 1476*o + 25. Give c(-3).
277
Let g(u) = 1004*u + 391513. Calculate g(-390).
-47
Let n(j) = 27917*j + 223331. Determine n(-8).
-5
Let s(p) = 4*p**3 + 6*p**2 - 192*p - 928. Calculate s(-5).
-318
Let d(w) = 8*w**2 - 1755*w - 247592. Determine d(317).
-15
Let o(k) = -681*k - 180452. Determine o(-265).
13
Let i(j) = 2*j**2 + 215*j - 11316. Calculate i(-145).
-441
Let c(d) = 3*d**2 + 22115*d - 643856. What is c(29)?
2
Let y(q) = 3*q**3 + 92*q**2 - 792*q + 1473. Determine y(-38).
-199
Let m(p) = -10*p**2 + 481*p + 2530. Calculate m(53).
-67
Let i(u) = 4*u**3 + 416*u**2 - 413*u + 693. Give i(-105).
-42
Let o(x) = x**3 - 31*x**2 - 34656*x + 1107978. Give o(32).
10
Let s(b) = 3*b**2 + 3*b - 25. Give s(5).
65
Let y(n) = -60*n**3 - 7921*n**2 - 206*n - 9760. Give y(-132).
8
Let k(c) = 99*c**2 + 9880*c + 124517. What is k(-85)?
-8
Let u(s) = -s**3 + 193*s**2 + 2716*s - 35. Calculate u(-13).
-529
Let n(z) = 3*z**3 + 160*z**2 + 213*z + 102. Calculate n(-52).
-158
Let s(f) = 27228*f - 54511. Calculate s(2).
-55
Let a(c) = c**3 + 87*c**2 - 179*c + 27. Calculate a(-89).
116
Let h(k) = k**3 - 238*k**2 + 568*k - 78346. Give h(237).
101
Let j(u) = -4*u**3 - 28*u**2 + 13*u + 85. What is j(-7)?
-6
Let d(n) = 256*n - 56110. What is d(219)?
-46
Let y(o) = -3490*o - 69866. Calculate y(-20).
-66
Let z(q) = -2636*q - 5045. Give z(-2).
227
Let l(f) = 31*f + 36. What is l(1)?
67
Let u(y) = 524*y + 8347. What is u(-16)?
-37
Let j(g) = g**3 + 12*g**2 + 6451*g + 64336. Calculate j(-10).
26
Let w(a) = -1220407*a - 17085705. What is w(-14)?
-7
Let h(b) = -100*b + 20564. What is h(193)?
1264
Let v(s) = -630*s + 149314. Give v(237).
4
Let f(t) = -t**3 + 125*t**2 + 1643*t + 104. What is f(137)?
-33
Let v(o) = o**3 + 247*o**2 + 240*o - 2674. Calculate v(-246).
-1198
Let u(g) = 5*g**3 - 109*g**2 - 1435*g + 275. Give u(31).
-4
Let o(s) = -s**3 + 24*s**2 - 13*s + 21. Determine o(12).
1593
Let w(n) = 63*n - 2410. What is w(49)?
677
Let t(z) = 650*z - 1102. Calculate t(4).
1498
Let x(v) = -2398*v + 484451. What is x(202)?
55
Let d(q) = 4*q**2 + 2614828*q + 18303600. Calculate d(-7).
0
Let w(k) = 2*k**3 - 122*k**2 + 117*k + 183. Determine w(60).
3
Let c(q) = -70*q**2 + 20726*q - 1828. Give c(296).
-52
Let g(u) = 1799*u + 108509. What is g(-60)?
569
Let z(x) = -11*x**3 - 916*x**2 - 271*x - 1808. Calculate z(-83).
18
Let c(m) = -2*m**2 - 527*m - 10196. Calculate c(-21).
-11
Let t(j) = -3179*j + 19164. Determine t(6).
90
Let i(n) = 3536*n - 1287104. What is i(364)?
0
Let a(y) = 2*y**2 - 26573*y + 185920. Give a(7).
7
Let l(p) = 13*p**2 - 1320*p + 3407. What is l(99)?
140
Let m(w) = 2*w**2 + 271*w + 1584. Calculate m(-116).
-2940
Let c(j) = -545*j + 7649. Determine c(14).
19
Let n(s) = 78*s**2 + 21451*s + 276. Give n(-275).
1
Let q(n) = -2258*n + 22227. What is q(10)?
-353
Let q(r) = 9104*r + 172988. Give q(-19).
12
Let b(y) = 2*y**3 + 147*y**2 - 2981*y - 989. What is b(-90)?
1
Let y(u) = -2*u**2 - 37211*u + 2239855. Calculate y(60).
-5
Let d(x) = 9*x**3 - 133*x**2 + 18*x - 725. Calculate d(15).
-5
Let d(c) = -105*c**2 + 12704*c + 81. What is d(121)?
-40
Let q(k) = k**3 + 364*k**2 - 375*k - 3615. Give q(-365).
35
Let g(w) = 12884*w + 180366. Calculate g(-14).
-10
Let a(y) = -210*y**2 - 9893*y + 44. Calculate a(-47).
1125
Let b(q) = -q**3 + 76*q**2 - 1835*q + 72793. Give b(65).
-7
Let h(s) = -s**3 - 115*s**2 - 3083*s - 12155. Calculate h(-77).
-66
Let c(j) = -17*j**2 - 1460*j + 1622. Give c(-87).
-31
Let x(a) = -25*a**2 - 6020*a + 1498. Give x(-241).
293
Let g(d) = 2*d**3 - 32*d**2 + 20*d - 64. Calculate g(13).
-818
Let p(b) = 97*b + 3748. Give p(-40).
-132
Let i(z) = 7*z**2 - 6295*z + 336077. Give i(57).
5
Let w(h) = 15307*h - 30562. Calculate w(2).
52
Let p(i) = 538*i**2 - 731681*i + 1342. Calculate p(1360).
-18
Let h(a) = a**2 + 732314*a + 6590763. Determine h(-9).
18
Let m(i) = -139*i - 10651. Determine m(-92).
2137
Let c(w) = 75*w**3 + 6*w**2 + 25*w + 27. Calculate c(-2).
-599
Let t(v) = -v**2 - 35*v - 152. Determine t(-28).
44
Let j(c) = 4*c**2 - 88*c - 1. Calculate j(24).
191
Let v(t) = -1500*t + 16494. Give v(11).
-6
Let m(q) = -q**3 - 234*q**2 - 4668*q - 869. Determine m(-212).
-21
Let c(m) = -m**3 - 35*m**2 + 512*m - 1064. Determine c(9).
-20
Let q(a) = 2*a**3 + 119*a**2 + 841*a + 102. Give q(-8).
-34
Let w(o) = -20*o**2 + 2874*o - 28450. Give w(133).
12
Let i(a) = 20*a**3 + 49*a**2 + 6*a + 18. Determine i(-5).
-1287
Let s(h) = h**3 + 272*h**2 + 3890*h + 535. What is s(-15)?
10
Let v(h) = 5*h**2 - 366*h - 5244. Give v(-15).
1371
Let b(t) = -6*t**3 + 217*t**2 + 152*t - 376. Determine b(37).
-1597
Let x(i) = -387*i**2 - 1539*i + 22. Give x(-4).
-14
Let r(y) = 2*y**3 + 13*y**2 + 191*y + 1107. What is r(-6)?
-3
Let v(c) = 954*c + 25745. Give v(-27).
-13
Let z(s) = -s**3 + 16*s**2 + 110*s - 1793. What is z(11)?
22
Let s(j) = j**3 - 52*j**2 - 996*j - 171. Give s(67).
432
Let l(a) = -557*a**2 + 19628*a + 19627. Calculate l(-1).
-558
Let g(z) = -152340*z - 2894442. Calculate g(-19).
18
Let i(o) = 33027*o + 35603097. Calculate i(-1078).
-9
Let m(v) = v**3 + 11*v**2 - 547*v - 5123. Give m(-9).
-38
Let y(j) = -57*j**2 - 66*j - 57. Calculate y(-9).
-4080
Let s(a) = -12*a + 569. Determine s(-81).
1541
Let z(y) = -74244*y + 262. Calculate z(0).
262
Let r(a) = 71*a - 2028. Determine r(20).
-608
Let m(c) = -2*c**3 + 107*c**2 - 1251*c + 112. What is m(13)?
-2462
Let n(d) = -2*d**3 - 421*d**2 + 26354*d - 1722. What is n(-261)?
105
Let r(y) = -y**3 + 286*y**2 - 557*y - 3137. What is r(284)?
-13
Let k(a) = -255217*a + 3828252. What is k(15)?
-3
Let p(j) = j**3 - 23*j**2 + 198*j - 1173. Calculate p(15).
-3
Let h(i) = -i**3 + 71*i**2 - 1025*i - 5624. Calculate h(29).
-27
Let s(l) = 1713*l + 28024. Give s(-17).
-1097
Let w(u) = -14*u**3 - 41*u**2 - 22*u + 52. Give w(-7).
2999
Let s(g) = -4*g**3 - 304*g**2 - 8*g - 845. Calculate s(-76).
-237
Let b(c) = c**3 + 24*c**2 - 30*c + 17. Calculate b(-24).
737
Let g(i) = -i**2 - 44708*i + 1431709. What is g(32)?
29
Let k(u) = -u**3 + 724*u**2 - 4243*u - 46642. What is k(718)?
28
Let t(b) = -b**3 - 11*b**2 - 5140*b - 35780. What is t(-7)?
4
Let y(q) = -q**2 - 77*q + 8770. Give y(62).
152
Let b(a) = -7494*a + 43366. What is b(5)?
5896
Let u(a) = a**3 - 2025*a**2 + 81352*a - 15872. Calculate u(1984).
0
Let v(w) = -62*w**2 + 824*w + 597. Give v(14).
-19
Let u(n) = 19*n**2 - 82*n + 51. What is u(6)?
243
Let f(p) = -4*p**3 - 54*p**2 - 61*p + 84. Calculate f(-12).
-48
Let x(k) = -2*k**3 + 11*k**2 + 86*k - 711. What is x(8)?
-343
Let t(p) = -174612*p + 1047661. Give t(6).
-11
Let c(m) = 9636*m**2 - 982870*m - 212. Give c(102).
-8
Let m(i) = 77*i**3 - 22*i**2 + 19*i + 6. Give m(1).
80
Let k(h) = h**3 - 430*h**2 + 947*h - 38943. Calculate k(428).
5
Let x(n) = 3*n**3 - 86*n**2 + 220*n - 291. What is x(26)?
21
Let h(r) = -24159*r + 72496. What is h(3)?
19
Let f(y) = y**3 - 64*y**2 + 131*y + 1676. Determine f(61).
-1496
Let b(v) = -19*v**3 - 3*v**2 - 705*v - 2801. Give b(-4).
1187
Let r(j) = 475*j + 1819. Calculate r(-4).
-81
Let r(x) = -82994*x - 5726577. Determine r(-69).
9
Let q(i) = -30*i**2 + 1158*i - 9823. What is q(26)?
5
Let t(p) = -6*p**3 - 4*p**2 + 231*p - 228. Calculate t(1).
-7
Let j(g) = 2637*g + 31708. Calculate j(-9).
7975
Let w(h) = -9*h**2 - 2875*h - 4285. What is w(-318)?
-151
Let i(p) = -6*p**2 - 6748*p - 184225. Calculate i(-28).
15
Let h(l) = -7022*l + 48655. Calculate h(7).
-499
Let l(r) = 49*r**3 + 877*r**2 - 93*r + 1. Determine l(-18).
55
Let h(c) = -83*c**